ctor of 18913?
False
Does 23 divide 585096?
False
Is 26 a factor of 179452?
True
Is 1007 a factor of 8621934?
True
Does 169 divide 246233?
True
Is 29 a factor of 8418366?
False
Is 3528081 a multiple of 1399?
False
Is 697 a factor of 1656456?
False
Does 233 divide 8568414?
False
Does 29 divide 19778?
True
Is 20 a factor of 47467?
False
Is 120008 a multiple of 28?
True
Does 74 divide 841807?
False
Is 23 a factor of 55338?
True
Does 187 divide 1894310?
True
Is 333873 a multiple of 340?
False
Is 51 a factor of 27057768?
False
Does 323 divide 6050759?
True
Does 26 divide 61210?
False
Is 209417 a multiple of 13?
True
Does 12 divide 18228?
True
Is 16 a factor of 1242414?
False
Is 27 a factor of 110970?
True
Is 2889625 a multiple of 40?
False
Is 179856 even?
True
Is 24 a factor of 167783?
False
Does 57 divide 180177?
True
Does 320 divide 2822529?
False
Is 457851 a multiple of 246?
False
Does 827 divide 3508134?
True
Is 10302488 a multiple of 19?
False
Is 8924512 a multiple of 543?
False
Does 174 divide 608652?
True
Is 2303790 a multiple of 123?
True
Is 858 a factor of 3655080?
True
Is 9 a factor of 117606?
False
Is 6 a factor of 379026?
True
Is 85914 a multiple of 74?
True
Does 3 divide 81498?
True
Does 192 divide 109821?
False
Is 4 a factor of 166704?
True
Is 5589468 a multiple of 1251?
True
Does 479 divide 2156625?
False
Is 515 a factor of 387730?
False
Does 49 divide 885724?
True
Does 199 divide 30049?
True
Does 35 divide 991326?
False
Does 52 divide 1173692?
True
Is 38 a factor of 54036?
True
Is 4 a factor of 18801?
False
Is 134 a factor of 976033?
False
Does 90 divide 41528?
False
Does 43 divide 11438?
True
Is 79 a factor of 11926082?
False
Does 717 divide 5395425?
True
Is 3877272 a multiple of 28?
True
Is 11 a factor of 10964459?
True
Is 179 a factor of 2642262?
False
Is 568 a factor of 64184?
True
Is 2423241 a multiple of 703?
True
Is 429 a factor of 67495?
False
Does 7 divide 195916?
True
Is 416 a factor of 1249822?
False
Is 747189 a multiple of 13?
False
Is 76471 a multiple of 19?
False
Is 28 a factor of 598864?
True
Does 12 divide 9919488?
True
Is 53192 a multiple of 36?
False
Does 54 divide 625350?
False
Is 7 a factor of 2086833?
True
Does 259 divide 1966101?
False
Is 1707549 a multiple of 1033?
True
Does 94 divide 11325?
False
Does 44 divide 1333211?
False
Is 5 a factor of 2017295?
True
Does 27 divide 45657?
True
Is 34311 a multiple of 95?
False
Does 78 divide 17501796?
True
Does 13 divide 258593?
False
Is 118 a factor of 125140?
False
Is 776910 a multiple of 87?
True
Is 368666 a multiple of 6?
False
Does 6 divide 130892?
False
Does 58 divide 407798?
True
Is 1708496 a multiple of 16?
True
Is 15910860 a multiple of 207?
False
Does 25 divide 153907?
False
Is 141 a factor of 2672843?
False
Does 8 divide 6687788?
False
Is 4 a factor of 866716?
True
Is 6845642 a multiple of 49?
False
Does 17 divide 533212?
False
Is 55 a factor of 196952?
False
Does 16 divide 1360320?
True
Does 159 divide 15582?
True
Is 147042 a multiple of 27?
True
Is 3361072 a multiple of 676?
True
Is 1132502 a multiple of 7?
True
Does 11 divide 4702365?
False
Does 11 divide 57101?
True
Is 1699659 a multiple of 15?
False
Is 475788 a multiple of 12?
True
Is 1605924 a multiple of 558?
True
Is 92 a factor of 8330?
False
Is 25811139 a multiple of 30?
False
Is 68800 a multiple of 215?
True
Is 88 a factor of 996336?
True
Is 6 a factor of 2264507?
False
Does 111 divide 18451530?
True
Is 15 a factor of 217460?
False
Does 279 divide 2178711?
True
Does 509 divide 2251118?
False
Is 57505 a multiple of 217?
True
Does 159 divide 221010?
True
Does 52 divide 789075?
False
Does 59 divide 76754?
False
Does 563 divide 1188839?
False
Is 17 a factor of 1191170?
False
Does 31 divide 1258661?
False
Is 13 a factor of 95680?
True
Is 737100 a multiple of 18?
True
Does 184 divide 61392?
False
Is 468561 a multiple of 499?
True
Is 215505 a multiple of 35?
False
Is 1524325 a multiple of 23?
True
Is 10804464 a multiple of 1077?
True
Does 9 divide 49738?
False
Is 7 a factor of 1119531?
True
Is 11 a factor of 374836?
True
Is 13114313 a multiple of 28?
False
Does 95 divide 96959?
False
Is 3314848 a multiple of 284?
True
Is 10 a factor of 180835?
False
Is 26 a factor of 8743177?
False
Is 28 a factor of 501159?
False
Is 256 a factor of 1060383?
False
Does 226 divide 15531398?
True
Does 138 divide 234324?
True
Is 25 a factor of 5875?
True
Is 12102597 a multiple of 6?
False
Is 7 a factor of 1725157?
True
Is 780930 a multiple of 902?
False
Is 571660 a multiple of 3?
False
Is 283 a factor of 539115?
True
Is 72380 a multiple of 12?
False
Does 9 divide 35181?
True
Is 321307 a multiple of 233?
True
Is 2490723 a multiple of 261?
True
Is 580928 a multiple of 5?
False
Is 117 a factor of 3481335?
True
Is 105432 a multiple of 276?
True
Does 1844 divide 19824848?
False
Is 325 a factor of 903792?
False
Is 64455 a multiple of 15?
True
Does 47 divide 2403251?
True
Is 288 a factor of 431092?
False
Is 363300 a multiple of 84?
True
Is 1698300 a multiple of 204?
True
Does 27 divide 14339184?
False
Is 686 a factor of 766948?
True
Does 27 divide 197028?
False
Is 66 a factor of 875?
False
Does 60 divide 1867560?
True
Does 28 divide 246828?
False
Is 51187 a multiple of 37?
False
Is 628 a factor of 1413827?
False
Is 7 a factor of 2822697?
False
Is 2 a factor of 15204?
True
Is 62 a factor of 35006?
False
Does 500 divide 418500?
True
Is 86 a factor of 243144?
False
Does 35 divide 5088685?
True
Is 5982 a multiple of 22?
False
Does 270 divide 1249830?
True
Is 23 a factor of 49105?
True
Is 775610 a multiple of 547?
False
Is 59499 a multiple of 303?
False
Is 27 a factor of 162675?
True
Does 78 divide 821496?
True
Does 24 divide 3853?
False
Is 1023925 a multiple of 30?
False
Is 177 a factor of 64428?
True
Is 29 a factor of 1647693?
True
Is 129360 a multiple of 120?
True
Does 14 divide 55723?
False
Is 628288 a multiple of 41?
False
Is 419760 a multiple of 16?
True
Is 544548 a multiple of 5?
False
Is 33124 a multiple of 231?
False
Is 89 a factor of 1000271?
True
Is 1727780 a multiple of 94?
False
Is 52 a factor of 17092760?
False
Is 16 a factor of 21652194?
False
Is 657 a factor of 1070766?
False
Does 87 divide 14353?
False
Is 480624 a multiple of 62?
True
Is 480577 a multiple of 180?
False
Does 28 divide 2231419?
False
Is 43498 a multiple of 47?
False
Does 1472 divide 14743552?
True
Is 347325 a multiple of 5?
True
Is 73 a factor of 1580787?
False
Does 22 divide 465301?
False
Does 3 divide 420937?
False
Does 24 divide 226944?
True
Is 157 a factor of 2431302?
True
Is 1624736 a multiple of 62?
False
Is 50 a factor of 385300?
True
Does 22 divide 1673210?
True
Is 3357128 a multiple of 139?
True
Is 5 a factor of 1838895?
True
Does 6 divide 320844?
True
Is 42720 a multiple of 96?
True
Does 75 divide 22350?
True
Is 2241819 a multiple of 669?
True
Is 328948 a multiple of 5?
False
Is 90 a factor of 342142?
False
Is 2982760 a multiple of 88?
True
Is 11220336 a multiple of 16?
True
Is 363 a factor of 2746732?
False
Is 65 a factor of 487155?
False
Is 348 a factor of 4650672?
True
Is 223 a factor of 238833?
True
Is 710659 a multiple of 200?
False
Is 8 a factor of 1719492?
False
Is 32 a factor of 137983?
False
Is 121 a factor of 175450?
True
Does 30 divide 378867?
False
Does 8 divide 5145888?
True
Is 10 a factor of 1381890?
True
Does 22 divide 6484775?
False
Is 854604 a multiple of 108?
True
Does 24 divide 1766077?
False
Is 352 a factor of 169206?
False
Is 44 a factor of 255641?
False
Is 49266 a multiple of 119?
True
Is 10 a factor of 825830?
True
Is 33 a factor of 87257?
False
Is 3305944 a multiple of 8?
True
Is 816 a factor of 1481446?
False
Is 1619072 a multiple of 91?
True
Is 135 a factor of 15679440?
True
Is 45 a factor of 167671?
False
Is 431100 a multiple of 8?
False
Is 62 a factor of 361978?
False
Is 385 a factor of 402325?
True
Is 11742088 a multiple of 99?
False
Is 1490 a factor of 749470?
True
Is 16 a factor of 62144?
True
Is 119 a factor of 57062?
False
Is 4 a factor of 2694455?
False
Is 19 a factor of 63760?
False
Is 26339 a multiple of 103?
False
Is 779988 a multiple of 311?
True
Is 22 a factor of 1747570?
True
Is 13022940 a multiple of 2020?
True
Is 274 a factor of 1884024?
True
Is 4 a factor of 1603876?
True
Does 178 divide 755254?
True
